 divisor of 333 and 7585.
37
Calculate the highest common factor of 986 and 348.
58
What is the greatest common factor of 2114 and 14?
14
Calculate the highest common factor of 323 and 551.
19
What is the greatest common factor of 1081 and 253?
23
What is the highest common factor of 4 and 1244?
4
What is the highest common divisor of 105 and 240?
15
What is the highest common divisor of 30114 and 18?
18
What is the highest common factor of 440 and 935?
55
Calculate the highest common divisor of 90 and 81.
9
What is the highest common divisor of 58 and 13166?
58
Calculate the greatest common factor of 2057 and 605.
121
What is the highest common factor of 36 and 54?
18
What is the greatest common factor of 607 and 2?
1
Calculate the greatest common divisor of 7659 and 828.
207
Calculate the highest common factor of 11 and 1661.
11
What is the greatest common factor of 33570 and 90?
90
Calculate the greatest common factor of 51 and 272.
17
What is the highest common factor of 372 and 1404?
12
Calculate the greatest common factor of 1544 and 8.
8
Calculate the highest common factor of 3317 and 31.
31
Calculate the highest common factor of 50843 and 13.
13
What is the greatest common factor of 725 and 580?
145
Calculate the greatest common factor of 78 and 663.
39
What is the highest common divisor of 117 and 143?
13
Calculate the greatest common divisor of 2692 and 24.
4
Calculate the highest common factor of 95 and 72295.
95
Calculate the highest common divisor of 52884 and 13.
13
Calculate the highest common factor of 90 and 3744.
18
Calculate the highest common factor of 1 and 1123.
1
What is the greatest common factor of 3445 and 53?
53
What is the greatest common factor of 147 and 1239?
21
Calculate the highest common factor of 7 and 5873.
7
What is the highest common divisor of 132 and 176?
44
Calculate the highest common factor of 27 and 27.
27
What is the highest common factor of 21900 and 300?
300
Calculate the highest common factor of 816 and 153.
51
What is the greatest common factor of 352 and 128?
32
What is the greatest common divisor of 342 and 17442?
342
What is the highest common factor of 1685 and 20?
5
Calculate the greatest common divisor of 54 and 198.
18
What is the greatest common divisor of 77 and 3311?
77
Calculate the greatest common divisor of 140 and 80.
20
What is the highest common factor of 2227 and 34?
17
Calculate the highest common divisor of 644 and 84.
28
Calculate the highest common factor of 243 and 1188.
27
What is the highest common divisor of 66 and 726?
66
Calculate the highest common factor of 108 and 81.
27
What is the highest common divisor of 136 and 1496?
136
Calculate the greatest common divisor of 2534 and 98.
14
What is the highest common factor of 142 and 72349?
71
Calculate the highest common divisor of 28 and 5138.
14
What is the greatest common factor of 3 and 309?
3
Calculate the greatest common factor of 507 and 39.
39
What is the greatest common factor of 378 and 14?
14
Calculate the highest common divisor of 104 and 312.
104
What is the greatest common divisor of 91 and 28?
7
Calculate the highest common divisor of 3456 and 54.
54
What is the highest common divisor of 5438 and 2?
2
Calculate the greatest common factor of 304 and 228.
76
Calculate the greatest common divisor of 4592 and 164.
164
What is the highest common divisor of 55 and 297?
11
Calculate the highest common factor of 4 and 97.
1
Calculate the greatest common divisor of 25 and 115.
5
What is the highest common divisor of 1370 and 35?
5
Calculate the greatest common divisor of 126 and 6993.
63
What is the highest common factor of 1337 and 382?
191
What is the greatest common divisor of 108 and 540?
108
What is the highest common divisor of 333 and 9?
9
What is the greatest common divisor of 35 and 25270?
35
Calculate the highest common divisor of 1365 and 210.
105
Calculate the greatest common factor of 126 and 4095.
63
Calculate the highest common divisor of 4970 and 7.
7
Calculate the greatest common factor of 192 and 864.
96
Calculate the greatest common divisor of 1029 and 14.
7
Calculate the highest common divisor of 7 and 11263.
7
Calculate the highest common divisor of 4318 and 204.
34
Calculate the highest common factor of 30 and 810.
30
What is the highest common divisor of 350 and 25?
25
Calculate the greatest common divisor of 4236 and 48.
12
What is the highest common divisor of 1245 and 30?
15
What is the greatest common factor of 533 and 82?
41
Calculate the greatest common factor of 49 and 56.
7
What is the highest common factor of 7 and 9?
1
What is the highest common factor of 47 and 1504?
47
Calculate the highest common factor of 150 and 6.
6
What is the greatest common divisor of 247 and 38?
19
Calculate the highest common divisor of 742 and 106.
106
What is the highest common factor of 25 and 12450?
25
What is the greatest common divisor of 624 and 96?
48
What is the highest common factor of 533 and 52?
13
Calculate the greatest common divisor of 495 and 55.
55
Calculate the greatest common divisor of 44 and 1199.
11
Calculate the highest common divisor of 3168 and 288.
288
Calculate the greatest common factor of 44 and 209.
11
What is the greatest common factor of 325 and 260?
65
What is the highest common factor of 1228 and 8?
4
What is the greatest common factor of 95 and 1?
1
What is the highest common divisor of 370 and 14652?
74
What is the greatest common factor of 46 and 7682?
46
What is the greatest common divisor of 2868 and 48?
12
What is the greatest common factor of 312 and 24?
24
What is the greatest common divisor of 28 and 16436?
28
Calculate the highest common factor of 27 and 1971.
27
Calculate the greatest common factor of 836 and 228.
76
Calculate the highest common factor of 399 and 42.
21
Calculate the greatest common factor of 132 and 5874.
66
What is the greatest common divisor of 889 and 254?
127
Calculate the highest common divisor of 54 and 288.
18
Calculate the highest common divisor of 513 and 19.
19
What is the greatest common divisor of 150 and 20?
10
What is the greatest common divisor of 165 and 105?
15
What is the highest common factor of 111 and 93?
3
What is the greatest common factor of 195 and 208?
13
What is the greatest common factor of 760 and 40?
40
What is the highest common divisor of 510 and 30?
30
What is the greatest common factor of 39 and 1131?
39
What is the highest common divisor of 220 and 33?
11
What is the highest common factor of 47 and 50149?
47
What is the greatest common divisor of 176 and 1496?
88
Calculate the highest common factor of 7 and 11249.
7
What is the highest common factor of 220 and 935?
55
Calculate the greatest common divisor of 648 and 384.
24
What is the greatest common divisor of 56250 and 45?
45
Calculate the highest common factor of 132 and 1749.
33
Calculate the greatest common factor of 708 and 48.
12
Calculate the highest common divisor of 5 and 120.
5
What is the greatest common divisor of 54 and 8046?
54
Calculate the greatest common factor of 16 and 4.
4
Calculate the greatest common factor of 1068 and 6.
6
Calculate the highest common factor of 2694 and 36.
6
Calculate the highest common divisor of 2720 and 480.
160
What is the highest common divisor of 3872 and 616?
88
What is the highest common divisor of 130 and 5330?
130
What is the highest common divisor of 114 and 1824?
114
Calculate the highest common divisor of 46 and 15893.
23
Calculate the highest common divisor of 71338 and 106.
106
What is the greatest common divisor of 37 and 1813?
37
What is the highest common divisor of 72 and 200?
8
Calculate the highest common factor of 37 and 4477.
37
Calculate the greatest common divisor of 432 and 54.
54
Calculate the highest common factor of 960 and 420.
60
Calculate the highest common factor of 175 and 2150.
25
What is the highest common factor of 489 and 9?
3
What is the greatest common factor of 1820 and 35?
35
What is the highest common factor of 56 and 224?
56
Calculate the highest common factor of 6070 and 20.
10
Calculate the greatest common divisor of 72 and 318.
6
Calculate the greatest common factor of 496 and 372.
124
What is the highest common factor of 795 and 15?
15
What is the greatest common div